3
What are the prime factors of 2849094?
2, 3, 43, 409
List the prime factors of 3428350.
2, 5, 68567
List the prime factors of 2198030.
2, 5, 73, 3011
List the prime factors of 127033.
127033
List the prime factors of 378268.
2, 11, 8597
List the prime factors of 191982.
2, 3, 7, 653
What are the prime factors of 141238?
2, 70619
List the prime factors of 25829044.
2, 6457261
List the prime factors of 9612215.
5, 97, 19819
What are the prime factors of 348017?
348017
What are the prime factors of 6203513?
6203513
What are the prime factors of 219277?
219277
List the prime factors of 877478.
2, 7, 233, 269
List the prime factors of 31005173.
23, 1348051
What are the prime factors of 3510987?
3, 1170329
What are the prime factors of 2122115?
5, 424423
What are the prime factors of 31486968?
2, 3, 5399
What are the prime factors of 15035904?
2, 3, 13, 251
What are the prime factors of 4454505?
3, 5, 11, 8999
What are the prime factors of 5852558?
2, 43, 68053
List the prime factors of 7982639.
7, 17, 37
What are the prime factors of 326000?
2, 5, 163
List the prime factors of 40943193.
3, 13647731
List the prime factors of 100397.
11, 9127
List the prime factors of 54559.
54559
What are the prime factors of 9466519?
2939, 3221
What are the prime factors of 1144410?
2, 3, 5, 37, 1031
What are the prime factors of 3559431?
3, 29, 163, 251
List the prime factors of 1364865.
3, 5, 19, 4789
List the prime factors of 24060494.
2, 173, 69539
What are the prime factors of 515071?
19, 27109
List the prime factors of 2282504.
2, 7, 40759
What are the prime factors of 247158?
2, 3, 23, 199
List the prime factors of 8791.
59, 149
List the prime factors of 1498579.
197, 7607
List the prime factors of 179554.
2, 17, 5281
List the prime factors of 17467389.
3, 1940821
List the prime factors of 2167724.
2, 13, 41687
List the prime factors of 1607692.
2, 41, 9803
What are the prime factors of 372350?
2, 5, 11, 677
List the prime factors of 1458936.
2, 3, 23, 881
List the prime factors of 168260.
2, 5, 47, 179
What are the prime factors of 427027?
113, 3779
List the prime factors of 2516075.
5, 19, 5297
List the prime factors of 2740010.
2, 5, 7, 13, 3011
List the prime factors of 469919.
469919
List the prime factors of 109852.
2, 29, 947
What are the prime factors of 827440?
2, 5, 10343
What are the prime factors of 10546466?
2, 7, 23, 4679
List the prime factors of 777577.
29, 26813
List the prime factors of 554179.
554179
List the prime factors of 852277.
137, 6221
List the prime factors of 2464908.
2, 3, 19, 569
What are the prime factors of 629521?
229, 2749
List the prime factors of 2758809.
3, 53, 17351
List the prime factors of 1114200.
2, 3, 5, 619
What are the prime factors of 8649544?
2, 263, 4111
What are the prime factors of 5191293?
3, 1730431
List the prime factors of 36986837.
43, 73, 11783
What are the prime factors of 8095760?
2, 5, 101197
What are the prime factors of 6780456?
2, 3, 31391
List the prime factors of 1504239.
3, 11, 79, 577
List the prime factors of 477249.
3, 257, 619
What are the prime factors of 3555450?
2, 3, 5, 7901
What are the prime factors of 189378?
2, 3, 7, 167
List the prime factors of 265443.
3, 23, 3847
List the prime factors of 18094.
2, 83, 109
List the prime factors of 3086105.
5, 11, 5101
What are the prime factors of 1104705?
3, 5, 7, 167
What are the prime factors of 1213864?
2, 151733
List the prime factors of 254183.
157, 1619
What are the prime factors of 21961?
21961
What are the prime factors of 68611?
68611
List the prime factors of 1321152.
2, 3, 7, 983
What are the prime factors of 544007?
544007
List the prime factors of 879325.
5, 17, 2069
List the prime factors of 80227.
7, 73, 157
List the prime factors of 14693548.
2, 3673387
What are the prime factors of 129984?
2, 3, 677
List the prime factors of 5548374.
2, 3, 13, 131, 181
List the prime factors of 21271867.
421, 50527
What are the prime factors of 349764?
2, 3, 29147
What are the prime factors of 222512?
2, 13907
What are the prime factors of 5112803?
5112803
What are the prime factors of 275693?
11, 71, 353
List the prime factors of 242190.
2, 3, 5, 13, 23
List the prime factors of 1414725.
3, 5, 13, 1451
What are the prime factors of 1894460?
2, 5, 94723
List the prime factors of 5578371.
3, 619819
What are the prime factors of 36169785?
3, 5, 151, 5323
What are the prime factors of 9547999?
17, 197, 2851
List the prime factors of 3640308.
2, 3, 7, 41, 151
What are the prime factors of 7896538?
2, 13, 303713
List the prime factors of 2789474.
2, 1394737
List the prime factors of 3844155.
3, 5, 7, 31, 1181
List the prime factors of 2047207.
23, 89009
What are the prime factors of 144369?
3, 5347
List the prime factors of 243285.
3, 5, 7, 331
List the prime factors of 550036.
2, 199, 691
What are the prime factors of 754955?
5, 150991
List the prime factors of 1240111.
19, 65269
What are the prime factors of 3689612?
2, 17, 29, 1871
List the prime factors of 963503.
463, 2081
What are the prime factors of 1183585?
5, 13, 131, 139
List the prime factors of 361703.
19, 19037
List the prime factors of 6913373.
17, 53, 7673
What are the prime factors of 52920?
2, 3, 5, 7
List the prime factors of 651200.
2, 5, 11, 37
List the prime factors of 5921982.
2, 3, 11, 2719
What are the prime factors of 5138972?
2, 257, 4999
What are the prime factors of 948164?
2, 7, 33863
List the prime factors of 1972321.
13, 151717
What are the prime factors of 1300592?
2, 29, 2803
List the prime factors of 156578.
2, 79, 991
List the prime factors of 684992.
2, 7, 11, 139
List the prime factors of 870218.
2, 435109
List the prime factors of 1499499.
3, 19, 37, 79
List the prime factors of 18256348.
2, 11, 83, 4999
List the prime factors of 2142768.
2, 3, 44641
List the prime factors of 68661.
3, 2543
List the prime factors of 411433.
11, 113, 331
What are the prime factors of 1309418?
2, 11, 53, 1123
What are the prime factors of 628504?
2, 251, 313
List the prime factors of 435410.
2, 5, 43541
What are the prime factors of 5463000?
2, 3, 5, 607
What are the prime factors of 3045477?
3, 1015159
List the prime factors of 695026.
2, 347513
What are the prime factors of 25080719?
25080719
List the prime factors of 243863.
243863
What are the prime factors of 5018391?
3, 7, 79657
List the prime factors of 1894131.
3, 31, 73
What are the prime factors of 2135896?
2, 7, 43, 887
List the prime factors of 9213372.
2, 3, 7, 1741
What are the prime factors of 111359?
19, 5861
List the prime factors of 313993.
313993
List the prime factors of 53549.
53549
What are the prime factors of 7031560?
2, 5, 23, 7643
What are the prime factors of 319963?
7, 43, 1063
List the prime factors of 13088846.
2, 6544423
What are the prime factors of 20112860?
2, 5, 1005643
List the prime factors of 847501.
17, 49853
List the prime factors of 17603844.
2, 3, 53, 89, 311
What are the prime factors of 5329385?
5, 41, 25997
List the prime factors of 1721777.
17, 101281
List the prime factors of 129893.
129893
What are the prime factors of 518725?
5, 20749
List the prime factors of 466840.
2, 5, 11, 1061
What are the prime factors of 790062?
2, 3, 7, 13, 1447
List the prime factors of 6835623.
3, 23, 157, 631
What are the prime factors of 402779?
13, 30983
What are the prime factors of 9252483?
3, 353, 8737
What are the prime factors of 174233?
17, 37, 277
What are the prime factors of 23567291?
11, 194771
What are the prime factors of 504240?
2, 3, 5, 11, 191
List the prime factors of 212273.
79, 2687
What are the prime factors of 158092?
2, 11, 3593
List the prime factors of 362080.
2, 5, 31, 73
List the prime factors of 1078306.
2, 539153
List the prime factors of 494525.
5, 131, 151
List the prime factors of 25766993.
7, 29, 18133
List the prime factors of 586107.
3, 65123
List the prime factors of 3259487.
7, 11, 42331
List the prime factors of 17734367.
7, 353, 7177
What are the prime factors of 5687940?
2, 3, 5, 47, 2017
List the prime factors of 8059723.
7, 1151389
What are the prime factors of 2105613?
3, 31, 7547
What are the prime factors of 12447887?
41, 73, 4159
What are the prime factors of 14352567?
3, 233, 20533
List the prime factors of 17640195.
3, 5, 23, 51131
List the prime f